nder when 1149 is divided by 104?
5
Calculate the remainder when 50 is divided by 18.
14
What is the remainder when 1266 is divided by 1263?
3
What is the remainder when 145 is divided by 72?
1
Calculate the remainder when 2493 is divided by 16.
13
Calculate the remainder when 18 is divided by 8.
2
What is the remainder when 230 is divided by 21?
20
Calculate the remainder when 244 is divided by 97.
50
Calculate the remainder when 19 is divided by 1.
0
What is the remainder when 326 is divided by 47?
44
Calculate the remainder when 1117 is divided by 1099.
18
Calculate the remainder when 298 is divided by 20.
18
What is the remainder when 742 is divided by 62?
60
What is the remainder when 1823 is divided by 24?
23
What is the remainder when 32 is divided by 6?
2
What is the remainder when 5111 is divided by 725?
36
Calculate the remainder when 130 is divided by 121.
9
What is the remainder when 61 is divided by 4?
1
What is the remainder when 306 is divided by 102?
0
Calculate the remainder when 161 is divided by 9.
8
Calculate the remainder when 19 is divided by 10.
9
Calculate the remainder when 487 is divided by 82.
77
What is the remainder when 437 is divided by 138?
23
What is the remainder when 1046 is divided by 44?
34
What is the remainder when 259 is divided by 69?
52
Calculate the remainder when 234 is divided by 80.
74
What is the remainder when 277 is divided by 151?
126
What is the remainder when 2206 is divided by 48?
46
What is the remainder when 876 is divided by 24?
12
Calculate the remainder when 438 is divided by 11.
9
Calculate the remainder when 1247 is divided by 16.
15
What is the remainder when 5535 is divided by 22?
13
Calculate the remainder when 27 is divided by 9.
0
What is the remainder when 42775 is divided by 8?
7
What is the remainder when 249 is divided by 65?
54
Calculate the remainder when 10499 is divided by 14.
13
Calculate the remainder when 176 is divided by 47.
35
What is the remainder when 269 is divided by 201?
68
What is the remainder when 612 is divided by 40?
12
Calculate the remainder when 112 is divided by 91.
21
What is the remainder when 466 is divided by 18?
16
What is the remainder when 251 is divided by 70?
41
What is the remainder when 67 is divided by 50?
17
What is the remainder when 607 is divided by 187?
46
What is the remainder when 639 is divided by 123?
24
Calculate the remainder when 52 is divided by 30.
22
Calculate the remainder when 2577 is divided by 54.
39
What is the remainder when 1102 is divided by 79?
75
What is the remainder when 571 is divided by 41?
38
Calculate the remainder when 383 is divided by 23.
15
Calculate the remainder when 461 is divided by 8.
5
Calculate the remainder when 21 is divided by 9.
3
Calculate the remainder when 113 is divided by 31.
20
Calculate the remainder when 469 is divided by 130.
79
Calculate the remainder when 310 is divided by 39.
37
Calculate the remainder when 359 is divided by 356.
3
What is the remainder when 106 is divided by 27?
25
What is the remainder when 265 is divided by 30?
25
Calculate the remainder when 363 is divided by 41.
35
What is the remainder when 88 is divided by 50?
38
Calculate the remainder when 40 is divided by 13.
1
What is the remainder when 243 is divided by 62?
57
What is the remainder when 31686 is divided by 17?
15
Calculate the remainder when 1015 is divided by 337.
4
Calculate the remainder when 262 is divided by 95.
72
Calculate the remainder when 97 is divided by 9.
7
What is the remainder when 507 is divided by 251?
5
What is the remainder when 213 is divided by 43?
41
What is the remainder when 174 is divided by 27?
12
What is the remainder when 927 is divided by 6?
3
What is the remainder when 49 is divided by 16?
1
Calculate the remainder when 321 is divided by 83.
72
What is the remainder when 402 is divided by 76?
22
Calculate the remainder when 57 is divided by 13.
5
Calculate the remainder when 2023 is divided by 156.
151
Calculate the remainder when 54 is divided by 13.
2
Calculate the remainder when 127 is divided by 8.
7
What is the remainder when 788 is divided by 79?
77
What is the remainder when 168 is divided by 129?
39
What is the remainder when 30361 is divided by 87?
85
Calculate the remainder when 817 is divided by 9.
7
What is the remainder when 2463 is divided by 45?
33
Calculate the remainder when 1067 is divided by 1046.
21
Calculate the remainder when 153 is divided by 31.
29
What is the remainder when 19 is divided by 6?
1
What is the remainder when 33 is divided by 21?
12
Calculate the remainder when 127 is divided by 10.
7
Calculate the remainder when 1006 is divided by 26.
18
Calculate the remainder when 303 is divided by 51.
48
Calculate the remainder when 508 is divided by 19.
14
What is the remainder when 113 is divided by 59?
54
Calculate the remainder when 984 is divided by 1.
0
What is the remainder when 27 is divided by 15?
12
Calculate the remainder when 7116 is divided by 20.
16
What is the remainder when 974 is divided by 49?
43
What is the remainder when 70 is divided by 20?
10
Calculate the remainder when 2665 is divided by 58.
55
What is the remainder when 1701 is divided by 132?
117
What is the remainder when 532 is divided by 5?
2
Calculate the remainder when 255 is divided by 86.
83
Calculate the remainder when 6173 is divided by 206.
199
Calculate the remainder when 41 is divided by 15.
11
What is the remainder when 662 is divided by 57?
35
Calculate the remainder when 117 is divided by 33.
18
What is the remainder when 1959 is divided by 70?
69
Calculate the remainder when 3973 is divided by 199.
192
Calculate the remainder when 105 is divided by 67.
38
Calculate the remainder when 73 is divided by 29.
15
What is the remainder when 1238 is divided by 20?
18
What is the remainder when 122 is divided by 55?
12
What is the remainder when 97 is divided by 10?
7
Calculate the remainder when 494 is divided by 62.
60
Calculate the remainder when 250 is divided by 66.
52
What is the remainder when 141 is divided by 24?
21
What is the remainder when 444 is divided by 106?
20
Calculate the remainder when 163 is divided by 23.
2
Calculate the remainder when 236 is divided by 20.
16
What is the remainder when 1826 is divided by 319?
231
What is the remainder when 73 is divided by 2?
1
Calculate the remainder when 624 is divided by 264.
96
What is the remainder when 6996 is divided by 14?
10
What is the remainder when 644 is divided by 43?
42
Calculate the remainder when 261 is divided by 22.
19
Calculate the remainder when 48 is divided by 2.
0
What is the remainder when 359 is divided by 10?
9
What is the remainder when 279 is divided by 40?
39
What is the remainder when 99 is divided by 27?
18
Calculate the remainder when 142 is divided by 80.
62
Calculate the remainder when 439 is divided by 4.
3
What is the remainder when 58 is divided by 20?
18
Calculate the remainder when 206 is divided by 26.
24
What is the remainder when 66 is divided by 36?
30
What is the remainder when 414 is divided by 36?
18
What is the remainder when 122 is divided by 72?
50
What is the remainder when 516 is divided by 18?
12
Calculate the remainder when 56 is divided by 8.
0
What is the remainder when 2761 is divided by 17?
7
Calculate the remainder when 881 is divided by 812.
69
What is the remainder when 749 is divided by 54?
47
Calculate the remainder when 424 is divided by 33.
28
What is the remainder when 2939 is divided by 294?
293
What is the remainder when 62 is divided by 25?
12
What is the remainder when 3824 is divided by 28?
16
What is the remainder when 6899 is divided by 13?
9
What is the remainder when 12137 is divided by 199?
197
Calculate the remainder when 219 is divided by 21.
9
What is the remainder when 925 is divided by 116?
113
What is the remainder when 30 is divided by 9?
3
What is the remainder when 98 is divided by 35?
28
Calculate the remainder when 2286 is divided by 229.
225
Calculate the remainder when 248 is divided by 107.
34
What is the remainder when 65 is divided by 35?
30
What is the remainder when 270 is divided by 31?
22
Calculate the remainder when 490 is divided by 121.
6
Calculate the remainder when 732 is divided by 359.
14
Calculate the rema